factors of 31079137?
379, 82003
List the prime factors of 324185191.
11, 29471381
List the prime factors of 686491334.
2, 173, 1984079
List the prime factors of 36792936.
2, 3, 511013
List the prime factors of 156294670.
2, 5, 7, 2232781
List the prime factors of 1141493074.
2, 4663, 122399
List the prime factors of 1136381700.
2, 3, 5, 23, 157, 1049
What are the prime factors of 5599925164?
2, 241, 5809051
List the prime factors of 100449315.
3, 5, 197, 1259
List the prime factors of 403162416.
2, 3, 179, 15641
What are the prime factors of 178868098?
2, 5119, 17471
What are the prime factors of 538642342?
2, 7, 38474453
List the prime factors of 107246868.
2, 3, 19, 37, 12713
What are the prime factors of 2242780?
2, 5, 112139
What are the prime factors of 2664000441?
3, 98666683
What are the prime factors of 32344670?
2, 5, 23, 140629
What are the prime factors of 342563541?
3, 23, 431, 11519
List the prime factors of 1705400198.
2, 20899, 40801
List the prime factors of 4468639065.
3, 5, 11, 23, 1177507
List the prime factors of 35185791.
3, 23, 509939
List the prime factors of 332370525.
3, 5, 71, 62417
What are the prime factors of 467863207?
7, 109, 613189
List the prime factors of 371408628.
2, 3, 30950719
List the prime factors of 2940559768.
2, 17, 21621763
What are the prime factors of 127720194?
2, 3, 7, 1193, 2549
What are the prime factors of 289131147?
3, 10708561
What are the prime factors of 686360054?
2, 343180027
What are the prime factors of 30253500?
2, 3, 5, 83
What are the prime factors of 209020864?
2, 13, 29, 8663
What are the prime factors of 16292869?
239, 68171
List the prime factors of 322351341.
3, 13, 8265419
List the prime factors of 6400384164.
2, 3, 177788449
List the prime factors of 8156829165.
3, 5, 269, 2021519
What are the prime factors of 528461035?
5, 349, 302843
What are the prime factors of 205483174?
2, 13, 73, 108263
What are the prime factors of 2966119270?
2, 5, 296611927
What are the prime factors of 95339473?
19, 41, 122387
What are the prime factors of 3207859761?
3, 17, 62899211
List the prime factors of 53625497.
17, 3154441
List the prime factors of 1749583368.
2, 3, 13, 623071
List the prime factors of 16624296.
2, 3, 13, 17761
What are the prime factors of 267654479?
12823, 20873
What are the prime factors of 413395252?
2, 1213, 85201
What are the prime factors of 22621344?
2, 3, 67, 3517
List the prime factors of 6593271.
3, 83, 26479
What are the prime factors of 13758923?
13758923
List the prime factors of 59721354.
2, 3, 7, 11, 53, 271
List the prime factors of 12984895.
5, 7, 11, 29, 1163
List the prime factors of 518631835.
5, 17, 6101551
List the prime factors of 67995141.
3, 103, 197, 1117
List the prime factors of 111371341.
47, 2369603
What are the prime factors of 56464956?
2, 3, 17, 257, 359
List the prime factors of 7218495.
3, 5, 47, 3413
List the prime factors of 1382010113.
11, 125637283
List the prime factors of 1337564.
2, 127, 2633
What are the prime factors of 1824675577?
1824675577
List the prime factors of 717725760.
2, 3, 5, 19, 109
What are the prime factors of 1410703196?
2, 7, 50382257
List the prime factors of 2538725963.
2538725963
List the prime factors of 1112534312.
2, 103, 1153, 1171
What are the prime factors of 854736922?
2, 13, 41, 801817
List the prime factors of 98719608.
2, 3, 13, 397, 797
List the prime factors of 730544689.
7, 17, 6139031
List the prime factors of 337221827.
1949, 173023
What are the prime factors of 53641004?
2, 67, 200153
What are the prime factors of 4108873708?
2, 1027218427
List the prime factors of 34114043.
31, 173, 6361
What are the prime factors of 700722693?
3, 11, 73, 96959
List the prime factors of 815729357.
97, 8409581
List the prime factors of 2080071354.
2, 3, 346678559
What are the prime factors of 74953982?
2, 439, 85369
What are the prime factors of 1678252?
2, 419563
What are the prime factors of 411337314?
2, 3, 22852073
List the prime factors of 51375.
3, 5, 137
What are the prime factors of 102249591?
3, 167, 409, 499
What are the prime factors of 7579024?
2, 19, 107, 233
List the prime factors of 319256102.
2, 11, 14511641
List the prime factors of 145430887.
7, 53, 113, 3469
List the prime factors of 329355259.
14561, 22619
What are the prime factors of 747728736?
2, 3, 19, 367, 1117
List the prime factors of 41224146.
2, 3, 6870691
What are the prime factors of 51718033?
71, 728423
List the prime factors of 621551005.
5, 337, 368873
What are the prime factors of 103209587?
13, 41, 83, 2333
What are the prime factors of 302460220?
2, 5, 15123011
What are the prime factors of 6108992767?
29, 210654923
List the prime factors of 1364790313.
569, 2398577
What are the prime factors of 112801723?
112801723
What are the prime factors of 4653415149?
3, 37, 73, 574283
List the prime factors of 2021863967.
19, 23, 4626691
What are the prime factors of 104113167?
3, 131, 264919
List the prime factors of 83180076.
2, 3, 7, 990239
List the prime factors of 756752129.
7, 29, 31, 41, 419
List the prime factors of 62514572.
2, 73, 214091
What are the prime factors of 1026158684?
2, 256539671
What are the prime factors of 1843374342?
2, 3, 307229057
What are the prime factors of 2249240371?
7, 31, 10365163
List the prime factors of 1271652279.
3, 9001, 47093
List the prime factors of 49682096.
2, 3105131
List the prime factors of 2345779442.
2, 17, 68993513
What are the prime factors of 12511321?
31, 403591
List the prime factors of 5017835653.
79, 103, 616669
List the prime factors of 149928364.
2, 37482091
List the prime factors of 17712038.
2, 8856019
What are the prime factors of 1327702987?
13, 102130999
List the prime factors of 238659.
3, 19, 53, 79
List the prime factors of 6306504269.
13, 157, 3089909
What are the prime factors of 1294511497?
89, 241, 60353
What are the prime factors of 102674778?
2, 3, 37, 462499
List the prime factors of 1270117304.
2, 158764663
What are the prime factors of 83614614?
2, 3, 23, 283, 2141
What are the prime factors of 6715545295?
5, 71, 18917029
What are the prime factors of 351056290?
2, 5, 13, 17, 158849
List the prime factors of 1292038534.
2, 73, 8849579
What are the prime factors of 136986219?
3, 19, 89, 9001
List the prime factors of 53058106.
2, 179, 148207
What are the prime factors of 10622741?
73, 145517
List the prime factors of 27121135.
5, 853, 6359
List the prime factors of 57449220.
2, 3, 5, 97, 9871
What are the prime factors of 59574039?
3, 7, 137, 20707
List the prime factors of 29951436.
2, 3, 601, 4153
List the prime factors of 2231161811.
19, 101, 1162669
What are the prime factors of 4161094?
2, 7, 29, 37, 277
What are the prime factors of 207055232?
2, 1617619
List the prime factors of 169257146.
2, 149, 353, 1609
What are the prime factors of 8744877?
3, 971653
List the prime factors of 50608524.
2, 3, 17, 14593
List the prime factors of 435341404.
2, 108835351
List the prime factors of 1928232159.
3, 7, 59, 401, 3881
List the prime factors of 869377026.
2, 3, 7, 83, 113, 2207
List the prime factors of 276059460.
2, 3, 5, 4600991
What are the prime factors of 29046744?
2, 3, 17, 19, 1249
List the prime factors of 2644996570.
2, 5, 31, 8532247
What are the prime factors of 26467166?
2, 11, 643, 1871
What are the prime factors of 2411542768?
2, 61, 419, 5897
What are the prime factors of 193541684?
2, 7, 6912203
What are the prime factors of 908024440?
2, 5, 19, 1194769
What are the prime factors of 1262897127?
3, 31, 271, 16703
What are the prime factors of 46009207?
71, 9127
List the prime factors of 481028545.
5, 971, 99079
List the prime factors of 1475439295.
5, 11, 1129, 23761
What are the prime factors of 75137647?
13, 19, 107, 2843
List the prime factors of 2288731810.
2, 5, 228873181
What are the prime factors of 57263237?
57263237
List the prime factors of 1554297756.
2, 3, 11, 1070453
What are the prime factors of 6420494?
2, 61, 52627
What are the prime factors of 251666070?
2, 3, 5, 67, 125207
What are the prime factors of 63735702?
2, 3, 2281, 4657
What are the prime factors of 2604082122?
2, 3, 977, 16453
What are the prime factors of 635664008?
2, 7, 11351143
List the prime factors of 3109665220.
2, 5, 155483261
List the prime factors of 39